Suppose g*a = 361 - 93. List the prime factors of a.
67
Suppose 15*q = -13*q - 280. List the prime factors of (-12328)/(-20) + (-6)/q.
617
Let u be 6*(-1)/5*3230/(-204). Suppose 23*o - 4152 = u*o. What are the prime factors of o?
2, 3, 173
Suppose 2*t - 7 = 1, 2*t + 6 = 2*s. Suppose r = h - r - s, -r = -4*h + 7. What are the prime factors of 1 + h + (-6 - (5 - 138))?
3, 43
Suppose 5*p - y - 8853 = 11342, 0 = 3*p - y - 12115. What are the prime factors of p?
2, 5, 101
Let o = -75 - -80. Suppose 4*s = -5*h + 9271, 34*s = o*h + 30*s - 9279. List the prime factors of h.
5, 7, 53
Let o(g) be the first derivative of 110*g**3/3 + 4*g**2 - 9*g + 44. What are the prime factors of o(1)?
109
Suppose 2*r + 35 = 2*k - 19, -3*r + 101 = 4*k. Let g = k + -30. What are the prime factors of (1/3)/(g/(-1332)*3)?
37
Suppose 3*z + 10 + 2 = 0. Let i be -35*(-2)/z*-6. Suppose 0 = -2*r - 17 + i. What are the prime factors of r?
2, 11
Suppose -5 - 7 = -4*f, l - 4*f = 45. Let y = 67 - l. What are the prime factors of 316/y + (-60)/100?
31
Let w(n) = -n**3 - 12*n**2 - 12*n - 5. Let k be w(-11). Let f(r) = 4*r - 26. Let a be f(k). Let j = a - -30. List the prime factors of j.
2, 7
Let h = -286 - -290. Suppose -2*y + 397 = d, h*d + 51 = 2*y - 341. What are the prime factors of y?
2, 3, 11
Suppose 0 = m, 4*m = 2*r + 2 - 6. Suppose -g = -r - 19. Let v = -12 + g. What are the prime factors of v?
3
Suppose 3*z = 4*f - 1 + 42, -4*z = -2*f - 48. Suppose -9*w = -z*w. Suppose v + 5 = -w*v, -2*j - 4*v = -190. List the prime factors of j.
3, 5, 7
Suppose -4*a + 18 = t, a + 3 + 0 = -4*t. Suppose -5*u + a*z - 2*z = -4047, 3*u = -3*z + 2433. List the prime factors of u.
2, 3, 5
Suppose -9*r - 15*r = -26880. Suppose -4*n - 3*n + r = 0. List the prime factors of n.
2, 5
Let h = 27807 + -24719. What are the prime factors of h?
2, 193
Let g(q) be the third derivative of 13/24*q**4 + 0 - 1/4*q**5 - 1/120*q**6 + 11/6*q**3 - 8*q**2 + 0*q. List the prime factors of g(-16).
59
Let p(v) = -v + 17. Let r be p(17). Let w be (r/(-2))/(3 + -2). Suppose -d - d - 6 = w, b + 2*d = 193. List the prime factors of b.
199
Let i(b) = 7*b + 5. Let q(l) = 10*l + 5. Let w(o) = -o. Let h(t) = q(t) + 2*w(t). Let y(d) = 4*h(d) - 3*i(d). List the prime factors of y(5).
2, 3, 5
Let x be 2005/25 + 2 + 33/(-15). Suppose -p + 11 = x. Let i = 112 + p. What are the prime factors of i?
43
Suppose -7*m - 31*m + 13*m + 1243975 = 0. What are the prime factors of m?
17, 2927
Let z(s) = 109 - 18*s + 36 + 68. List the prime factors of z(-26).
3, 227
Suppose -j - 4*j = 0. Suppose 4*r - 16*r - 300 = j. What are the prime factors of (-45)/(((-15)/r)/((-2)/5))?
2, 3, 5
Suppose 9*c + 183126 = 55*c. Let f = c - 2325. List the prime factors of f.
2, 3, 23
Let k(l) = 7*l**2 - 10*l - 16. Let z be k(-6). Let i = z - 176. What are the prime factors of i?
2, 3, 5
Let i(n) = -2*n**2 + 12*n - 12. Let r be i(4). Suppose r*g - 9*g + 1220 = 0. What are the prime factors of g?
2, 61
Suppose 4*f = -6*f + 460. Suppose f*z - 24 = 44*z. What are the prime factors of z?
2, 3
Let b = -84 + 92. Suppose b*v - 1041 = 455. List the prime factors of -1 + 2 + (v - (-2 - 0)).
2, 5, 19
Let s(l) be the first derivative of l**3 - l**2/2 - 3*l + 11. Let k be s(2). Suppose 1204 = -0*f + k*f. List the prime factors of f.
2, 43
Suppose -17*f + 141 = -15*f + x, 3*f = -5*x + 201. Suppose 19*t - 14482 - f = 0. What are the prime factors of t?
2, 383
Suppose 28*j + 10604 = 8*j + 377744. What are the prime factors of j?
3, 29, 211
Let r = 23302 - 7787. List the prime factors of r.
5, 29, 107
Suppose -2*j + 5*f = -6796, 7*j - 6*j - f - 3404 = 0. Let n = -1899 + j. What are the prime factors of n?
3, 503
Let j(r) = 17*r**3 + r**2 - 2*r - 2. Let u(p) = -p - 10. Let m be (1 + -1 + 4)/(25/(-75)). Let b be u(m). List the prime factors of j(b).
2, 67
What are the prime factors of (-4325)/(-10)*(8 + -6)*9?
3, 5, 173
Suppose j + 94615 + 19465 = 9*j. List the prime factors of j.
2, 5, 23, 31
Suppose -112*a + 78*a = -260848. List the prime factors of a.
2, 7, 137
Let d(v) = -2786*v - 8071. List the prime factors of d(-3).
7, 41
Suppose y - 2*v = 14, 3*v + 23 = 3*y - 4. Suppose -2540 = -5*i + 6*z - y*z, 2*i = -3*z + 997. List the prime factors of i.
2, 11, 23
Let v = 3483 + -309. What are the prime factors of v?
2, 3, 23
Let k = 261 - -1370. Let o = k - 941. What are the prime factors of o?
2, 3, 5, 23
Suppose -2*n - 112 = -5*j, 3*j = -n - 0*j - 67. Let r = -60 - n. Let m = 10 + r. List the prime factors of m.
11
Let v = 593 + -256. Let a = 495 - 732. Let o = a + v. List the prime factors of o.
2, 5
Let c be (-2)/(1/(-2)*1). Suppose l - c = -g + 2*g, 2*g = -3*l + 7. Suppose l*q - 2*q = -2*j + 77, -2 = -2*q. What are the prime factors of j?
2, 19
Suppose 12*w = -29*w - 54*w + 1045. Let q = 0 + -2. List the prime factors of (w + q)*(-77)/(-21).
3, 11
Let i(d) = d**3 - 8*d**2 + 8*d + 32. Let m be i(14). Let p = m + -707. List the prime factors of p.
613
Let h(w) = w**3 + w - 1. Let o(k) = 7*k**3 - 11*k**2 - 20*k - 10. Let d(s) = 2*h(s) - o(s). What are the prime factors of d(-5)?
2, 3, 7, 19
Let a = -13410 - -26001. List the prime factors of a.
3, 1399
Suppose -13*k + 11219 = -9295. Suppose 2*n - 4*t = k, -9*n = -7*n - 5*t - 1573. What are the prime factors of n?
17, 47
Let u(b) = b + 1188. Let k be u(0). Let f = 1774 - k. List the prime factors of f.
2, 293
Let r(h) = -486*h - 597. What are the prime factors of r(-16)?
3, 2393
Let q(s) = s**2 + 19*s + 56. Let f be q(-16). Suppose -646 = f*d - 9438. What are the prime factors of d?
7, 157
Let p = -3610 - -3099. Let s be ((7 - 1)*-1)/(-2). What are the prime factors of (0 - s)*p/21?
73
What are the prime factors of ((-480)/(-54)*9)/(2/166)?
2, 5, 83
Let f(z) be the first derivative of 10*z**3/3 - 5*z**2/2 + 4*z - 20. List the prime factors of f(-5).
3, 31
Let j = -146 - -144. What are the prime factors of (212/16 - -4)/(j/(-128))?
2, 3, 23
Let h(y) = -13*y + 116. Let u be (7/((-21)/2))/((-8)/(-84)). List the prime factors of h(u).
3, 23
Suppose -27*z + 8*z + 8531 = 0. Suppose -4*i - 34 = -5*n - 1779, z = i + 3*n. What are the prime factors of i?
2, 5, 11
Suppose 0 = -y + j - 2, 0*y + 6 = y - 5*j. List the prime factors of 145 + -2 + (-5 - y).
2, 71
List the prime factors of ((-4)/(-3))/(-14 + (-161629)/(-11544)).
2, 37
Let i be 2*17 - 35/(-7). Let g = 3 - -9. Let s = g + i. List the prime factors of s.
3, 17
List the prime factors of (-1 - (-23734)/(-6))/((-434)/651).
5, 1187
Suppose -3*t + 6194 = 2*k, 10*t = 15*t - 4*k - 10294. Suppose 0 = 5*h + 57 - t. What are the prime factors of h?
401
Let d(b) = -316*b**3 - 16*b**2 - 50*b + 9. What are the prime factors of d(-5)?
39359
Let v be (-1 - 6) + 2 - (-24 - -32). List the prime factors of (v/((-819)/18))/(2/5677).
811
Let t = 24 - 22. Let v be t - (1 + 2 + -3). Suppose -4*m = -3*i - 122, 0 = 2*m + v*i + i - 52. List the prime factors of m.
29
Suppose 0 = 4*k - 4*o - 13376, -4*k - 4*o - 3566 = -16966. Suppose 24*q - k = 16573. List the prime factors of q.
2, 5, 83
Suppose r - 2539 = g, -2523 = -5*r + 4*r + 5*g. Let f = -1248 + r. List the prime factors of f.
5, 7, 37
Let w be ((-5)/1 - (15 + -13))/(-1). Let r(s) be the third derivative of -s**5/60 + 5*s**4/12 + 3*s**3/2 + s**2. What are the prime factors of r(w)?
2, 3, 5
What are the prime factors of ((-468)/(-42))/((-18)/(-14994))?
2, 3, 7, 13, 17
Suppose -5*p = 4*b - 52789, -4*b + 121*p - 124*p + 52787 = 0. List the prime factors of b.
2, 3299
Suppose -238*t + 2*k + 24325 = -237*t, -4*t - 3*k + 97267 = 0. List the prime factors of t.
83, 293
Let c be -1 - -4 - (-3 - -6). Suppose 6*n - 4*n - 5*t - 249 = c, n - 144 = -4*t. Suppose -7*d + n = -4*d. List the prime factors of d.
2, 11
Suppose 9 + 15 = 3*t. Suppose -4*h + t = 0, 0 = o + 2*h - 63 + 5. What are the prime factors of o?
2, 3
Suppose 3*x = -3*s + 9717, 0*s + 3*s - 3*x - 9711 = 0. What are the prime factors of s?
2, 1619
Suppose -2*m = -4*f + 90, f = -2*m - 0*f - 115. Let a = 55 + m. Suppose -6*o + o + 175 = a. List the prime factors of o.
5, 7
Suppose 3*r + 1833 = 9921. Suppose 0 = h - 5, -r = -2*t + 5*h - 7*h. What are the prime factors of t?
17, 79
Let k(a) = 11*a**2 - 91. Let l be k(7). Let p = 713 - l. List the prime factors of p.
5, 53
Let d(k) = -13*k - 63. Let g be d